 c(-7)?
-8
Let x(j) = -j**3 - 16*j**2 + 16*j - 131. Determine x(-18).
229
Let j(m) = 51*m**2 + 82*m - 375. Give j(2).
-7
Let n(f) = 44750*f**2 + 89496*f - 3. Determine n(-2).
5
Let j(f) = -5*f**2 - 103*f + 3923. Give j(23).
-1091
Let j(d) = 79932*d - 399668. What is j(5)?
-8
Let o(r) = 82292*r + 2797923. Calculate o(-34).
-5
Let f(t) = -t**3 + 44*t**2 + 821*t - 779. Give f(58).
-257
Let x(n) = n**3 + 51*n**2 - 210*n - 134. Give x(-55).
-684
Let d(k) = 35528*k + 319657. Give d(-9).
-95
Let c(g) = 23*g**2 + 3701*g - 253. Determine c(-161).
69
Let w(n) = -15845*n - 221829. Calculate w(-14).
1
Let r(j) = 5*j**3 - 1075*j**2 - 210*j + 45098. Determine r(215).
-52
Let g(p) = 191*p**2 + 8778*p - 381. What is g(-46)?
-13
Let h(z) = -143*z**2 - 9172*z - 1282. Give h(-64).
-2
Let o(j) = 3*j**3 - 191*j**2 - 1341*j + 743. Determine o(70).
-27
Let o(s) = -s**2 + 6235*s + 250991. Give o(-40).
-9
Let s(t) = -t**2 - 490*t - 33274. What is s(-86)?
1470
Let b(h) = -657*h - 6304. Calculate b(-10).
266
Let q(b) = 683*b - 245059. Give q(359).
138
Let z(l) = 43*l**2 - 724*l - 862. What is z(18)?
38
Let z(g) = -g**2 - 136*g + 20595. Give z(91).
-62
Let y(b) = 8663*b + 102530. What is y(-12)?
-1426
Let m(r) = -9456*r + 37859. Calculate m(4).
35
Let o(q) = 7*q**3 - 6*q**2 - 514*q - 2354. What is o(-5)?
-809
Let w(n) = -26*n**2 - 14043*n - 29579. Determine w(-538).
11
Let f(i) = -165*i - 43932. Give f(-266).
-42
Let p(u) = 133*u - 5496. Determine p(40).
-176
Let v(w) = 188*w**2 + 12218*w - 93. Calculate v(-65).
37
Let y(o) = 4*o**3 + 203*o**2 - 237*o - 9473. Calculate y(-51).
13
Let y(j) = 8143*j - 8149. Give y(1).
-6
Let t(j) = 19*j**2 - 582*j + 4223. Give t(12).
-25
Let l(v) = 3*v**3 + 117*v**2 + 1193*v + 5974. What is l(-27)?
7
Let z(d) = -3*d**2 - 5304*d + 26583. Determine z(5).
-12
Let j(y) = -726*y + 5644. What is j(8)?
-164
Let h(w) = -3*w**3 - 553*w**2 + 877*w - 9822. Give h(-186).
36
Let c(a) = 4*a**3 - a**2 - 205*a + 1112. Give c(5).
562
Let d(b) = -b**2 + 1751112*b + 31520335. What is d(-18)?
-5
Let g(o) = 840*o - 28708. Determine g(34).
-148
Let q(y) = -129*y + 208. Give q(6).
-566
Let v(a) = 2*a**3 - 81*a**2 - 344*a + 12073. What is v(41)?
-350
Let a(i) = -460*i - 4350. Give a(-12).
1170
Let q(w) = -1412*w**3 - 31064*w**2 + 4*w + 100. What is q(-22)?
12
Let r(q) = 19*q**2 + 5987*q - 23625. Give r(-319).
-19
Let i(v) = 4*v**2 + 623*v + 11787. Calculate i(-22).
17
Let d(q) = q**3 + 10*q**2 - 179*q - 1891. Calculate d(-11).
-43
Let i(y) = 242*y + 6738. What is i(-22)?
1414
Let r(a) = a**3 - 3*a**2 + 14*a - 39. Determine r(6).
153
Let d(o) = -o**3 + 85*o**2 - 199*o + 1141. Calculate d(83).
-1598
Let r(x) = 1962*x + 176808. What is r(-90)?
228
Let q(p) = p**2 + 250*p + 7585. Calculate q(-39).
-644
Let r(k) = -k**2 - 1650*k + 285488. What is r(158)?
-176
Let y(s) = -1520*s - 61378. What is y(-41)?
942
Let b(o) = 4*o**2 + 334*o - 6984. Give b(17).
-150
Let x(c) = 454*c + 3074. What is x(-7)?
-104
Let z(l) = -6*l**2 - 368*l + 2163. Calculate z(6).
-261
Let f(l) = -2635*l + 297763. What is f(113)?
8
Let c(w) = -37367*w + 2428864. Determine c(65).
9
Let p(v) = 11*v**3 + 540*v**2 + 339*v + 14107. Determine p(-49).
-103
Let l(z) = -z**3 + 78*z**2 + 1259*z - 6843. Determine l(91).
73
Let v(h) = 44751*h + 1611102. Determine v(-36).
66
Let v(u) = -u**3 + 194*u**2 - 2723*u + 6673. Give v(179).
-129
Let c(v) = -v**3 + 26*v**2 - 59*v + 19. Determine c(21).
985
Let k(h) = -99840*h + 499410. Calculate k(5).
210
Let u(x) = -23476*x + 2418098. Calculate u(103).
70
Let v(z) = z**2 + 32*z - 4631. What is v(51)?
-398
Let k(n) = -4*n**2 - 66*n - 498. What is k(-12)?
-282
Let c(d) = -79*d**3 + 496*d - 497. Give c(1).
-80
Let s(w) = w**2 - 4373*w - 590. Give s(0).
-590
Let t(k) = -867*k + 15903. Calculate t(18).
297
Let l(n) = -7639*n + 15155. Calculate l(2).
-123
Let j(x) = 2*x**2 + 450*x + 24386. Determine j(-94).
-242
Let r(y) = -179*y - 1897. Give r(-7).
-644
Let h(n) = -511*n**3 + 2*n**2 + 1644*n - 1647. What is h(1)?
-512
Let c(a) = -a**2 + 461812*a + 923630. What is c(-2)?
2
Let a(d) = -d**2 - 25283*d - 126380. Give a(-5).
10
Let u(c) = 135*c**2 - 79*c - 168. Determine u(-2).
530
Let h(m) = -2*m**3 + 291*m**2 + 11357*m - 62. Give h(-32).
34
Let x(i) = -6*i**3 + 306*i**2 - 2974*i + 187. Give x(13).
57
Let i(d) = 10*d**2 - 4078*d + 23323. Determine i(402).
7
Let r(k) = 2*k**2 + 18587*k + 37181. Give r(-2).
15
Let p(g) = 28784*g - 920940. Calculate p(32).
148
Let l(k) = -4828*k - 202774. Give l(-42).
2
Let f(s) = 3*s**2 + 89*s + 168. Determine f(-27).
-48
Let q(p) = 4269*p**3 + 10*p**2 + 147*p - 158. Determine q(1).
4268
Let i(t) = 13*t**2 - 134253*t + 1207223. Give i(9).
-1
Let m(z) = -1533*z - 7685. Calculate m(-5).
-20
Let l(x) = -x**3 + 70*x**2 - 386*x - 29. Determine l(6).
-41
Let i(t) = -3905*t - 59432. Determine i(-15).
-857
Let h(t) = -2*t**3 - 5*t**2 + 364*t - 712. Calculate h(2).
-20
Let x(y) = -3482*y + 13926. Calculate x(4).
-2
Let x(s) = -s**2 - 131*s - 2041. What is x(-18)?
-7
Let s(i) = i**3 - 223*i**2 + 542*i - 21691. Give s(221).
409
Let w(r) = -2*r**3 + 192*r**2 - 1035*r - 221. Determine w(6).
49
Let g(v) = -4266*v - 16457. Determine g(-4).
607
Let o(p) = -4734*p - 2726824. Give o(-576).
-40
Let c(h) = h**3 + 138*h**2 - 5642*h + 175. Calculate c(-171).
4
Let t(g) = 17*g**2 - 3565*g + 915. Give t(209).
-1593
Let u(j) = 581*j**3 + 2944*j**2 - 11*j - 19. What is u(-5)?
1011
Let f(s) = -22129*s - 44332. Give f(-2).
-74
Let y(m) = -49*m - 6466. Calculate y(-111).
-1027
Let v(w) = 242*w**2 - 658*w - 1353. Give v(4).
-113
Let a(b) = 2*b**3 - 36*b**2 + 165*b - 455. Determine a(13).
0
Let j(i) = -711*i**3 + 15*i**2 - 4*i - 5. Give j(1).
-705
Let d(b) = 11*b**2 - 49*b + 199. What is d(3)?
151
Let u(h) = -19194*h + 959663. Determine u(50).
-37
Let m(z) = -43*z**3 - 5417*z**2 - 145*z - 34165. Determine m(-126).
-19
Let v(l) = -152*l - 8662. Determine v(-58).
154
Let a(s) = 72*s**2 + 115844*s - 6414. What is a(-1609)?
22
Let r(j) = 8894*j - 7755565. Give r(872).
3
Let c(f) = -39*f**2 + 7340*f - 1580. Give c(188).
-76
Let u(j) = -10*j**3 - 5196*j**2 + 2081*j - 179. Determine u(-520).
-699
Let k(r) = -476*r + 2448. What is k(5)?
68
Let n(c) = 2*c**3 + 4*c**2 + 3695*c + 7391. What is n(-2)?
1
Let c(q) = q**3 + 8*q**2 - 94*q - 368. Determine c(-4).
72
Let v(h) = -2282*h - 34330. Calculate v(-15).
-100
Let v(d) = -79*d**2 + 162*d - 314. Give v(3).
-539
Let l(x) = 28*x**2 + 2242*x - 6767. Calculate l(-83).
39
Let g(z) = 22165*z - 88667. Determine g(4).
-7
Let u(g) = -7*g**3 + 3*g**2 + 17*g - 53. Calculate u(3).
-164
Let x(p) = p**3 - 828*p**2 - 789*p - 33155. Determine x(829).
5
Let y(r) = 6*r**2 + 7*r - 422. Give y(11).
381
Let k(l) = -28*l**2 - 2662*l - 278. What is k(-95)?
-88
Let h(n) = 1550*n**2 + 69*n. What is h(1)?
1619
Let d(n) = -2*n**2 + 2050*n - 129652. What is d(68)?
500
Let h(q) = -q**2 + 706*q + 26839. What is h(-36)?
127
Let s(v) = 5*v**2 - 239*v + 2128. Give s(13).
-134
Let f(g) = g**3 - 2*g**2 - 25*g + 14. Determine f(-11).
-1284
Let r(q) = q**2 - 547*q + 49879. Give r(112).
1159
Let s(l) = 157062*l + 33925391. Give s(-216).
-1
Let g(v) = -992*v**2 + 42657*v - 107. Calculate g(43).
-64
Let t(l) = -94718*l - 284128. Determine t(-3).
26
Let c(q) = 4*q**2 + 77*q - 10681. Determine c(-62).
-79
Let z(p) = -24*p + 454. What is z(7)?
286
Let c(v) = -v**2 - 956*v + 96423. Determine c(92).
7
Let k(c) = 7*c**2 + 13*c - 319. What is k(6)?
11
Let n(k) = 37*k**2 - 851*k + 3735. Give n(6).
-39
Let a(f) = f**3 - 144*f**2 - 8501*f - 669. What is a(189)?
87
Let q(d) = 5237*d + 46505. Determine q(-8).
4609
Let s(x) = 61*x - 2470. Determine s(30).
-640
Let x(z) = 2*z**3 + 128*z**2 + 324*z + 4631. Calculate x(-62).
-81
Let n(d) = -239*d**2 + 1715*d - 297. What is n(7)?
-3
Let m(j) = -8*j**3 - 60*j**2 + 23*j + 126. Calculate m(-6).
-444
Let h(z) = -z**2 + 1337*z + 8074. Determine h(-6).
16
Let m(v) = 833350*v - 29167259. Determine m(35).
-9
Let l(x) = -8448*x + 7256835. Determine l(859).
3
Let h(w) = 18025*w + 12581478. Calculate h(-698).
28
Let r(o) = -83178*o + 3992525. What is r(48)?
-19
Let v(d) = -3*d**3 - 308*d**2 + 4253*d - 264. Give v(-115).
-34
Let u(z) = -481*z - 2441. What is u(-5)?
-36
Let w(d) = -d**3 - 33*d**2 - 12*d + 1531. What is w(-31)?
-19
Let d(o) = 52*o**3 - 7